 - 3. Let i(h) = -h**2 - 4*h + 2. Let a be i(-6). Let p be (-4)/a - (-6)/(-15). Let t = p + -4. What is k(t)?
1
Let r(j) be the third derivative of 0*j + 0 - 1/3*j**3 + 1/8*j**4 - 2*j**2 + 1/60*j**5. Give r(2).
8
Let m(h) = 2*h**2 - h + 2*h**2 + 6*h**2. Let g(t) = t**2 - 3*t - 1. Let v be g(3). Determine m(v).
11
Let u(l) = 5*l - 3 - 1 - l**2 - 3 + 4. Suppose 2*a = -a + 18. Determine u(a).
-9
Let k(h) = 1 + 3 + 2*h - 5. Let b(f) = -f + 2. Let y be b(-2). Suppose 0 = 4*w - y*v + 16, w + v = -0*v + 2. Calculate k(w).
-3
Suppose -3*u = -0 + 3. Let w(h) = -h**2 - 3*h - 1. Give w(u).
1
Let y be (-1)/((2 + -1)*(-3)/6). Let m(n) = n**3 + 2*n**2 - 3*n + 1. Calculate m(y).
11
Let n(p) = 1. Let r(z) = -4. Let u(h) = 5*n(h) + r(h). Let s(t) = -t + 3. Let i(o) = s(o) - 6*u(o). Calculate i(-3).
0
Let w(z) = 0 - 4*z - 1 + 3*z + 4*z**2. Let s be w(-1). Let j(m) be the second derivative of m**5/20 - m**4/3 - m. Calculate j(s).
0
Let w = -61 + 56. Let j(v) = 2*v**3 - 7*v**2 + 7*v - 6. Let k(g) = 5*g**3 - 15*g**2 + 15*g - 13. Let y(b) = -7*j(b) + 3*k(b). Give y(w).
-2
Let a(s) be the second derivative of -s**7/840 + s**6/60 + s**4/3 - s**3/2 + 7*s. Let o(b) be the second derivative of a(b). Give o(6).
8
Let s(t) = 3*t**2 - 5*t - 2. Let j(i) = 7*i**2 - 10*i - 4. Let d(y) = 2*j(y) - 5*s(y). Give d(4).
6
Let r(y) be the first derivative of y**3/3 - 2*y**2 - 3*y - 2. Let i = 2 + 1. Suppose -v = 4*j - 3 - 7, -i*v = -3*j + 15. What is r(v)?
9
Suppose u + 1 = j, 0 = -5*u + j + 21 - 6. Let m(t) = t + 3. Give m(u).
7
Suppose 15*z = 10*z. Suppose z = 3*h - 3*y + 18, -4*h = 3*y - 0*y - 11. Let v(d) = 5*d**3 + d + 1. Calculate v(h).
-5
Let l be 2/10 - 91/5. Let k be 15/2*l/(-15). Let r(w) = -w + k + w + w. What is r(-4)?
5
Suppose 0 = b - 2. Let z(q) be the second derivative of q**4/6 - 2*q**3/3 + q**2 + 3*q. What is z(b)?
2
Let x(c) = c**2 + 3*c - 8. Let p be x(-6). Let j(d) = d**2 - 9*d - 4. What is j(p)?
6
Let a(c) = 11*c - 1. Suppose 4*t - 28 = 2*t. Let v = -13 + t. Calculate a(v).
10
Let o(s) = s + 2. Let v(l) = -1. Let c(q) = -3. Let j(d) = c(d) - 2*v(d). Let i(r) = 6*j(r) + o(r). Let g be 32/18 - 16/(-72). What is i(g)?
-2
Let r = 15 - 11. Let t(y) = y**3 - 3*y**2 - 2*y - 3. What is t(r)?
5
Let h(p) be the third derivative of -7*p**2 - 2/15*p**5 - 7/6*p**3 + 1/120*p**6 + 7/24*p**4 + 0*p + 0. Calculate h(7).
-7
Let d(s) = -58*s - 14. Let k(c) = 13*c + 3. Let g(l) = -2*d(l) - 9*k(l). Let z be 1*-1 + 0 + 7. Calculate g(z).
-5
Let h(r) = 5 - 2 - 4 + 2 - r. What is h(2)?
-1
Let k(r) = 12*r - 5 - 45*r + 19*r + 13*r. What is k(0)?
-5
Let v(h) = h + 15. Let p be v(-11). Let i(d) = 5*d - 1 + 1 - p*d. Calculate i(1).
1
Let w(r) = 2*r**2 - 2*r**3 + 2 - 3*r**3 - 2*r + 4*r**3. What is w(2)?
-2
Let y(p) = -p + 9. Let z(k) = -k + 1. Let t be z(-3). What is y(t)?
5
Let h(x) = -x + 7. Let z be h(3). Let l be 1/((2/1)/z). Let n(m) = 2 + m**2 + m**2 - 3 + 2*m + 0*m**2. What is n(l)?
11
Let k(a) be the second derivative of a**4/12 - a**3/2 - 2*a**2 + 5*a. Calculate k(-3).
14
Let v(h) = -h**2 - 8*h - 9. Let q = -19 - -10. Determine v(q).
-18
Let q = -5 + 9. Let c(z) = -9 + 5*z + z - q*z. Calculate c(6).
3
Let k(c) = c**2 + c. Let n(u) = -2*u**2 - 2*u + 1. Let b(i) = 3*k(i) + n(i). Suppose 4*t = 3 - 11. Let w be b(t). Let s(v) = -v + 2. Give s(w).
-1
Let m(i) = -5 + i**3 + 4*i + 4 - 5*i. Let l be m(2). Let f(x) = -x**2 - l + 2 + x**3 + 2. What is f(2)?
3
Suppose 0 = -2*a + 1 - 15. Let s(r) = -10*r**2 - 38*r - 14. Let x(d) = 7*d**2 + 26*d + 9. Let t(k) = 5*s(k) + 7*x(k). Calculate t(a).
0
Suppose -5*x + 2*r + 2 = 0, -4*x = -6*x + 4*r + 4. Let l(m) be the second derivative of m**4/12 + m**3/6 - 5*m**2/2 - 7*m. Determine l(x).
-5
Let v(n) = n**3 - 5*n**2 + 5*n - 5. Suppose t + 19 = 4*p, -2*p - 4 = 4*t - 0. Calculate v(p).
-1
Let h(b) = 2*b**2 - 1. Let i be h(1). Let v(u) = 5*u - 1. Determine v(i).
4
Let w be (-12 - -9) + (1 - 0). Let z(y) = 7*y**3 + 7*y**2 + 4*y - 2. Let k(r) = -10*r**3 - 10*r**2 - 6*r + 3. Let s(m) = 5*k(m) + 7*z(m). Give s(w).
9
Let u(y) = -y**3 - 9*y**2 + 9*y - 10. Let g be u(-10). Let j(l) = -2*l + g + 1 - 4 + 6. Give j(5).
-7
Let g(j) = -22*j - 3. Let a(z) = -7*z - 1. Let v(o) = -7*a(o) + 2*g(o). What is v(2)?
11
Suppose 0 = -f + 1 + 1. Let v(h) = 2 - 2*h**f + h**2 - 2*h - 2*h + 0*h. Give v(-4).
2
Let x(r) = 2*r**2 - 11*r + 1. Let h be x(6). Let w(m) = m**2 - 8*m + 8. Determine w(h).
1
Let w(s) be the second derivative of -s**3/6 + s**2/2 - 16*s. Calculate w(-2).
3
Let c(f) = 3*f**3 - 1. Let y be c(1). Let v(o) = -o**3 - 12*o - 1 + 4*o + 4*o**2 + 8*o. Determine v(y).
7
Let s(m) = 2*m**2 - 3*m + 1. Suppose 7*k - 2*k = 15. Let o be s(k). Let x = -6 + o. Let w(i) = -2*i + 2. Calculate w(x).
-6
Let k(w) = -3*w**2 - 7*w - 4. Let r(c) = 4*c**2 + 7*c + 4. Let u(y) = -3*k(y) - 2*r(y). Determine u(-6).
-2
Let v(x) = -x**2 + 5*x + 4. Suppose -4*q + w - 5*w + 32 = 0, -3*q = 4*w - 27. Determine v(q).
4
Suppose 4 = 2*r - 4*r. Let h(y) = 3*y**2 - 4*y - 10. Let n(b) = -7*b**2 + 8*b + 21. Let s(k) = r*n(k) - 5*h(k). Calculate s(6).
-4
Let v(h) = -3*h - 9. Let p(u) = 3*u + 11. Let b(i) = -3*p(i) - 4*v(i). Determine b(5).
18
Suppose 0 = -4*p + 4*r + 16, 3*r = 4*p - 7*p + 18. Let s(z) = z + 5. Let o(a) = -1. Let y(n) = 5*o(n) + s(n). Let m be y(p). Let i(b) = -b + 6. Give i(m).
1
Let b = 2 + 3. Suppose -b*v - 25 = -2*q, 0 = 4*v - 5*q + q + 20. Let s(l) = -l**3 - 6*l**2 - 6*l - 1. What is s(v)?
4
Let v(l) be the first derivative of -5*l - 3*l**2 + 4 - 1/3*l**3. Determine v(-4).
3
Let i(k) = -14*k**2 - 2*k + 3. Let v(x) = 28*x**2 + 4*x - 5. Let a(f) = -7*i(f) - 4*v(f). Suppose b - 2 + 3 = 0. Give a(b).
-13
Let p(n) = -n**3 - 5*n**2 + 8*n + 9. Let g = -4 - -7. Let o(u) = -u**3 + 2*u**2 + 3. Let z be o(g). What is p(z)?
-3
Suppose 0 = -4*z - 1 + 5. Let w(c) = -z - c - 2 + 2. Let o be w(4). Let m(v) = -v**3 - 4*v**2 + 3*v - 4. Calculate m(o).
6
Let p(r) = 5*r**2 + 7*r - 1. Let u(z) = -11*z**2 - 15*z + 3. Let q(s) = -9*p(s) - 4*u(s). Calculate q(-4).
-7
Let j(t) = -14*t + 57. Let i(z) = 5*z - 19. Let w(k) = 17*i(k) + 6*j(k). Calculate w(0).
19
Let f(b) = -b**3 + 5*b**2 - 3*b. Let s(w) = 2*w**2 - 3*w - 4. Let k be s(3). Give f(k).
-15
Let w(h) = h**2 + 8*h - 5. Let r be w(-8). Let l(c) = -2*c + 2. Determine l(r).
12
Let y(z) = -10*z**3 + 4*z**2 - 10*z**3 + 3 + 19*z**3 + 5*z. Determine y(5).
3
Let b = 5 - 2. Let p be 0*-3*(-1)/(-6). Let x(d) = p*d + b*d + 0*d + 0*d. Give x(1).
3
Suppose 2*h - 22 = -2*u - 2, 4 = u - h. Let s(f) = -5*f**3 + 11*f**2 - 5*f + 4. Let q(o) = 6*o**3 - 12*o**2 + 6*o - 4. Let c(a) = 4*q(a) + 5*s(a). What is c(u)?
-3
Let g(r) = 1 - r**2 + r**2 + r - r**3. Let i be 0 + 0*4/(-16) + -2. Calculate g(i).
7
Suppose 0 = 5*a + 4*m - 4 - 5, -4*a + 4*m + 36 = 0. Let b(i) = i - 4. Determine b(a).
1
Let q(v) be the third derivative of v**5/60 + 5*v**4/24 + 5*v**3/6 + 10*v**2. Calculate q(-6).
11
Let y(r) = -3*r**3 + 5*r**2 + 4*r - 11. Let k(m) = 4*m**3 - 5*m**2 - 5*m + 12. Let o(g) = -4*k(g) - 5*y(g). Suppose c - 6*c = 25. Determine o(c).
7
Let m(s) = -s**2 + 5*s - 5. Let x be (-18)/63 + (-44)/(-7). Give m(x).
-11
Let l(k) = 6*k**2 - k. Suppose n - 11 = -v - 2*n, 3*v = n + 13. Suppose b + 23 = 4*d - 0*b, d - v*b = 1. Let r be (-3)/d - 6/(-4). Determine l(r).
5
Let k(h) = h**3 - 8*h**2 - h + 1. Let w(b) = b**2. Suppose 0 = -3*u - u - 24. Let f(c) = u*w(c) - k(c). Calculate f(3).
-7
Suppose 0 = -4*c - 4*p + p + 23, 4*c + 17 = 5*p. Let f(u) = 0*u + 5*u**2 + 2 + 3*u - 5 - 6*u**2. Determine f(c).
-1
Let x(z) = z**3 - 2*z + 1. Let r(w) = -2*w**2 + 4*w - 4. Let f be r(1). Calculate x(f).
-3
Let m(q) = 0*q - 4*q + 5 + 3 - 4 - 2*q**3 - 7*q**2. Let k(i) = 5*i**3 + 20*i**2 + 11*i - 12. Let c(n) = 3*k(n) + 8*m(n). Calculate c(4).
0
Let q(p) = p - 8. Suppose 0 = 5*a + 3*m - 15, -2*a - 4*m = m + 13. What is q(a)?
-2
Suppose 0*z - 24 = -2*z. Let y(h) = -13*h + z*h + 0 - 5. Determine y(6).
-11
Let a be 15/9*(2 + 1). Suppose -1 = 2*r + z, -3*r = 2*r + a*z + 10. Let y(f) = -7*f + 7. Let g(o) = -o**2 + 6*o - 6. Let l(w) = 6*g(w) + 5*y(w). Calculate l(r).
-6
Let m = -46 - -49. Let c(l) = -l**3 + 4*l**2 - 4*l. Calculate c(m).
-3
Suppose -14 = -4*x - 3*l, 0 = -3*x + 2*x + 2*l - 2. Let f(y) = -y**3 - 3*y**2 + 3*y - 2. What is f(x)?
-16
Let a(p) = -14*p**2 - 11*p. Let u(d) = 5*d**2 + 4*d. Let f(i) = 4*a